mmon factor of 3239790 and 1422.
474
Calculate the highest common factor of 668 and 332.
4
What is the highest common factor of 84804 and 144?
12
What is the greatest common factor of 20646464 and 1216?
1216
Calculate the greatest common divisor of 1162 and 1491427.
581
What is the greatest common divisor of 10 and 1147120?
10
What is the greatest common factor of 40 and 20770?
10
What is the greatest common divisor of 161568 and 7722?
594
What is the greatest common divisor of 3658 and 22258?
62
Calculate the greatest common factor of 266 and 8706712.
266
What is the greatest common factor of 31692 and 171?
57
What is the highest common factor of 15943 and 535?
107
What is the highest common divisor of 12767 and 884?
17
What is the greatest common divisor of 10541 and 42911?
83
What is the greatest common factor of 179 and 90037?
179
Calculate the greatest common divisor of 40 and 6427.
1
Calculate the highest common factor of 1845 and 450.
45
Calculate the highest common factor of 23372 and 4.
4
Calculate the greatest common factor of 1700 and 45700.
100
What is the greatest common factor of 163326 and 40080?
1002
What is the greatest common divisor of 342 and 1107?
9
What is the greatest common divisor of 91 and 14483?
7
What is the greatest common factor of 89980 and 8360?
220
What is the greatest common factor of 314151 and 3?
3
What is the highest common divisor of 626 and 1856403?
313
Calculate the greatest common divisor of 912 and 387258.
114
Calculate the highest common factor of 762831 and 513.
513
Calculate the greatest common factor of 4372740 and 170.
170
What is the highest common factor of 48 and 46008?
24
What is the greatest common factor of 6562 and 181806?
386
What is the greatest common divisor of 13068 and 180?
36
What is the highest common divisor of 33692 and 64?
4
Calculate the highest common factor of 5645 and 155.
5
What is the highest common factor of 205560 and 80?
40
Calculate the greatest common divisor of 600 and 1400.
200
What is the highest common factor of 192 and 30608?
16
What is the highest common divisor of 426281 and 31?
31
What is the greatest common divisor of 378 and 96264?
126
What is the highest common divisor of 195402 and 348?
174
What is the highest common divisor of 197610 and 126?
42
Calculate the greatest common factor of 520 and 105970.
10
What is the highest common factor of 120552 and 192?
24
What is the greatest common factor of 1108 and 884738?
554
What is the greatest common factor of 21938 and 56?
14
What is the greatest common factor of 1296 and 21222?
162
What is the highest common factor of 329836 and 104?
52
What is the greatest common divisor of 367806 and 708?
354
Calculate the highest common factor of 1749 and 427233.
159
What is the highest common factor of 25695 and 90?
45
Calculate the highest common factor of 9065 and 54612.
37
What is the highest common divisor of 32116 and 21917?
217
What is the highest common factor of 44480 and 480?
160
What is the highest common factor of 812 and 182?
14
Calculate the greatest common divisor of 99 and 672507.
99
Calculate the highest common factor of 15689 and 29.
29
Calculate the highest common factor of 910 and 7995.
65
Calculate the greatest common factor of 50 and 44410.
10
What is the highest common divisor of 13116 and 204?
12
Calculate the highest common factor of 4512320 and 960.
320
Calculate the highest common factor of 3162 and 52359.
93
What is the greatest common divisor of 4872 and 20532?
348
What is the greatest common factor of 106 and 424265?
53
What is the greatest common divisor of 3546720 and 24?
24
Calculate the greatest common divisor of 24236 and 913.
83
Calculate the highest common divisor of 93 and 14397.
3
What is the greatest common factor of 824211 and 153?
153
What is the highest common factor of 4750405 and 33?
11
Calculate the highest common divisor of 49324 and 354.
118
Calculate the greatest common factor of 27495 and 2145.
195
What is the highest common factor of 252 and 61719?
21
What is the greatest common divisor of 198666 and 283?
283
Calculate the highest common factor of 56 and 36006488.
56
Calculate the highest common factor of 38 and 96938.
38
Calculate the highest common factor of 109968 and 8.
8
What is the greatest common factor of 5129 and 1561?
223
Calculate the greatest common divisor of 21646 and 548.
274
What is the highest common divisor of 8721 and 76551?
969
What is the highest common factor of 9 and 218916?
9
Calculate the highest common factor of 980 and 1914430.
490
Calculate the highest common divisor of 2209 and 50666.
47
What is the greatest common factor of 150506 and 2?
2
What is the greatest common factor of 9832 and 248?
8
Calculate the highest common divisor of 1908 and 18020.
212
What is the highest common factor of 549 and 129?
3
What is the highest common factor of 184054 and 78?
26
What is the greatest common divisor of 1379 and 588?
7
Calculate the highest common factor of 110 and 99374.
22
What is the highest common divisor of 156 and 1146696?
12
What is the highest common divisor of 214829 and 17?
17
What is the greatest common factor of 100 and 418450?
50
Calculate the greatest common divisor of 540 and 4248.
36
Calculate the greatest common factor of 24 and 45636.
12
What is the highest common factor of 814 and 638694?
74
Calculate the greatest common divisor of 18 and 13488.
6
What is the greatest common factor of 1076114 and 169?
13
What is the greatest common factor of 1560 and 68055?
195
What is the greatest common factor of 55 and 4985750?
55
What is the highest common divisor of 422362 and 1784?
446
Calculate the highest common divisor of 7467 and 14991.
57
What is the highest common factor of 364 and 874783?
91
Calculate the highest common divisor of 416 and 51896.
104
What is the highest common factor of 38 and 725002?
38
Calculate the highest common divisor of 23318 and 9301.
131
What is the highest common factor of 602176 and 64?
64
Calculate the greatest common factor of 3433548 and 36.
12
What is the greatest common factor of 24480 and 912?
48
What is the highest common factor of 189952 and 5152?
224
What is the greatest common divisor of 33152 and 9800?
56
Calculate the highest common factor of 240 and 359016.
24
What is the greatest common divisor of 437 and 1907068?
437
What is the greatest common divisor of 3895 and 855?
95
What is the highest common factor of 308 and 76132?
28
What is the greatest common factor of 34813 and 31?
31
Calculate the greatest common factor of 21306 and 6834.
402
What is the highest common factor of 31900 and 11020?
580
What is the highest common factor of 12523 and 21?
7
Calculate the highest common divisor of 27 and 1260846.
27
Calculate the greatest common factor of 364 and 98.
14
What is the greatest common divisor of 359611 and 245?
49
Calculate the greatest common factor of 40 and 71320.
40
What is the greatest common divisor of 38 and 1120050?
38
Calculate the greatest common factor of 146544 and 46784.
688
What is the highest common divisor of 217040 and 240?
80
What is the greatest common divisor of 15416 and 1886?
82
Calculate the highest common divisor of 65550 and 23.
23
Calculate the highest common factor of 501123 and 27759.
1461
Calculate the highest common divisor of 1302 and 15159.
93
Calculate the greatest common factor of 7091 and 576397.
1013
Calculate the greatest common factor of 33442 and 7270.
1454
Calculate the highest common factor of 168 and 206472.
168
What is the greatest common divisor of 72 and 34048?
8
What is the greatest common divisor of 172727 and 53?
53
What is the highest common factor of 15 and 815040?
15
What is the greatest common divisor of 4158 and 7854?
462
What is the greatest common divisor of 5726 and 16807?
7
What is the greatest common factor of 1066 and 328?
82
Calculate the greatest common divisor of 4928 and 19432.
56
What is the greatest common divisor of 2120225 and 25?
25
Calculate the highest common factor of 3214 and 8078389.
1607
What is the highest common divisor of 170323 and 129?
43
What is the greatest common divisor of 23454 and 99?
9
What is the greatest common factor of 541 and 2667671?
541
Calculate the greatest common factor of 166866 and 203.
203
Calc